{"id":6799,"date":"2021-04-13T21:34:15","date_gmt":"2021-04-13T21:34:15","guid":{"rendered":"https:\/\/www.flashphoto.es\/?post_type=product&#038;p=6799"},"modified":"2026-02-26T21:06:03","modified_gmt":"2026-02-26T21:06:03","slug":"serie-home-ho","status":"publish","type":"product","link":"https:\/\/www.flashphoto.es\/?product=serie-home-ho","title":{"rendered":"Serie HOME HO"},"content":{"rendered":"<ul>\n<li>Estructura de madera.<\/li>\n<li>Perfil de bloque ancho de casa con superficie toscamente aserrada en varios formatos y colores con corte en bisel.<\/li>\n<li>Barra Passepartout : perfil de bloque, textura de superficie rugosa.<\/li>\n<li>Vidrio gris claro: vidrio transparente lavado Passepartout: estera de corte biselado, blanco Pared posterior: tablero duro, hasta 18&#215;24 cm con suspensi\u00f3n de pie: clip giratorio de 20&#215;30 dos dispositivos de suspensi\u00f3n adicionales<\/li>\n<li>Cierre: clip giratorio<\/li>\n<li>Embalaje: film retr\u00e1ctil, desde esquinas protectoras de cart\u00f3n de 20&#215;30 cm con protecci\u00f3n adicional de los bordes debajo<\/li>\n<\/ul>\n","protected":false},"excerpt":{"rendered":"<ul>\n<li>Perfil Madera.<\/li>\n<li>Marco Rugoso<\/li>\n<li>Alta Calidad<\/li>\n<\/ul>\n","protected":false},"featured_media":6808,"comment_status":"open","ping_status":"closed","template":"","meta":[],"product_cat":[159,82],"product_tag":[432,100],"class_list":{"0":"post-6799","1":"product","2":"type-product","3":"status-publish","4":"has-post-thumbnail","6":"product_cat-madera","7":"product_cat-marcos","8":"product_tag-madera","9":"product_tag-marcos","10":"pa_color-ho-azul-l","11":"pa_color-ho-beige-c","12":"pa_color-ho-polar-v","13":"pa_color-ho-blanco-w","14":"pa_color-ho-grisc-x","15":"pa_color-ho-gris-d","16":"pa_color-ho-marron-p","17":"pa_color-ho-natural-h","18":"pa_color-ho-negro-b","19":"pa_color-ho-nuez-n","20":"pa_color-ho-rojo-r","21":"pa_referencia-ho-ho015","22":"pa_referencia-ho-ho030","23":"pa_referencia-ho-ho040","24":"pa_referencia-ho-ho045","25":"pa_referencia-ho-ho050","26":"pa_referencia-ho-ho060","27":"pa_referencia-ho-ho070","28":"pa_referencia-ho-ho080","29":"pa_referencia-ho-ho090","30":"pa_referencia-ho-ho100","31":"pa_referencia-ho-1276","32":"pa_referencia-ho-ho130","33":"pa_referencia-ho-1277","34":"pa_referencia-ho-1272","35":"pa_referencia-ho-ho318","36":"pa_referencia-ho-1273","37":"pa_referencia-ho-ho430","38":"pa_referencia-ho-1274","39":"pa_referencia-ho-ho460","40":"pa_referencia-ho-1278","41":"pa_referencia-ho-ho520","42":"pa_referencia-ho-1275","43":"pa_referencia-ho-ho824","45":"first","46":"instock","47":"taxable","48":"shipping-taxable","49":"purchasable","50":"product-type-variable"},"yoast_head":"<!-- This site is optimized with the Yoast SEO plugin v16.3 - https:\/\/yoast.com\/wordpress\/plugins\/seo\/ -->\n<title>Serie HOME HO - FLASH PHOTO IMAGE<\/title>\n<meta name=\"description\" content=\"Marco de madera HOME Perfil de bloque ancho Home con una superficie aserrada rugosa en varios formatos y colores con una estera de corte en bisel : Estera de corte en bisel , blanco Pared trasera: Tablero duro, hasta 18x24 cm con suspensi\u00f3n de pie: Clip giratorio de 20x30 dos dispositivos de suspensi\u00f3n adicionales Cierre: clip giratorio Embalaje: film retr\u00e1ctil, de esquinas protectoras de cart\u00f3n de 20x30 cm con protecci\u00f3n de borde adicional debajo\" \/>\n<meta name=\"robots\" content=\"index, follow, max-snippet:-1, max-image-preview:large, max-video-preview:-1\" \/>\n<link rel=\"canonical\" href=\"https:\/\/www.flashphoto.es\/?product=serie-home-ho\" \/>\n<meta property=\"og:locale\" content=\"es_ES\" \/>\n<meta property=\"og:type\" content=\"article\" \/>\n<meta property=\"og:title\" content=\"Serie HOME HO - FLASH PHOTO IMAGE\" \/>\n<meta property=\"og:description\" content=\"Marco de madera HOME Perfil de bloque ancho Home con una superficie aserrada rugosa en varios formatos y colores con una estera de corte en bisel : Estera de corte en bisel , blanco Pared trasera: Tablero duro, hasta 18x24 cm con suspensi\u00f3n de pie: Clip giratorio de 20x30 dos dispositivos de suspensi\u00f3n adicionales Cierre: clip giratorio Embalaje: film retr\u00e1ctil, de esquinas protectoras de cart\u00f3n de 20x30 cm con protecci\u00f3n de borde adicional debajo\" \/>\n<meta property=\"og:url\" content=\"https:\/\/www.flashphoto.es\/?product=serie-home-ho\" \/>\n<meta property=\"og:site_name\" content=\"FLASH PHOTO IMAGE\" \/>\n<meta property=\"article:publisher\" content=\"https:\/\/www.facebook.com\/fp_flashphoto-100879842053462\" \/>\n<meta property=\"article:modified_time\" content=\"2026-02-26T21:06:03+00:00\" \/>\n<meta property=\"og:image\" content=\"http:\/\/www.flashphoto.es\/wp-content\/uploads\/2021\/04\/Serie-Home-Natural.jpg\" \/>\n\t<meta property=\"og:image:width\" content=\"1200\" \/>\n\t<meta property=\"og:image:height\" content=\"1200\" \/>\n<meta name=\"twitter:card\" content=\"summary_large_image\" \/>\n<meta name=\"twitter:label1\" content=\"Tiempo de lectura\">\n\t<meta name=\"twitter:data1\" content=\"1 minuto\">\n<script type=\"application\/ld+json\" class=\"yoast-schema-graph\">{\"@context\":\"https:\/\/schema.org\",\"@graph\":[{\"@type\":\"WebSite\",\"@id\":\"https:\/\/www.flashphoto.es\/#website\",\"url\":\"https:\/\/www.flashphoto.es\/\",\"name\":\"FLASH PHOTO IMAGE\",\"description\":\"Decorando momentos inolvidables\",\"potentialAction\":[{\"@type\":\"SearchAction\",\"target\":\"https:\/\/www.flashphoto.es\/?s={search_term_string}\",\"query-input\":\"required name=search_term_string\"}],\"inLanguage\":\"es\"},{\"@type\":\"ImageObject\",\"@id\":\"https:\/\/www.flashphoto.es\/?product=serie-home-ho#primaryimage\",\"inLanguage\":\"es\",\"url\":\"https:\/\/www.flashphoto.es\/wp-content\/uploads\/2021\/04\/Serie-Home-Natural.jpg\",\"contentUrl\":\"https:\/\/www.flashphoto.es\/wp-content\/uploads\/2021\/04\/Serie-Home-Natural.jpg\",\"width\":1200,\"height\":1200,\"caption\":\"HO040 NATURAL\"},{\"@type\":\"WebPage\",\"@id\":\"https:\/\/www.flashphoto.es\/?product=serie-home-ho#webpage\",\"url\":\"https:\/\/www.flashphoto.es\/?product=serie-home-ho\",\"name\":\"Serie HOME HO - FLASH PHOTO IMAGE\",\"isPartOf\":{\"@id\":\"https:\/\/www.flashphoto.es\/#website\"},\"primaryImageOfPage\":{\"@id\":\"https:\/\/www.flashphoto.es\/?product=serie-home-ho#primaryimage\"},\"datePublished\":\"2021-04-13T21:34:15+00:00\",\"dateModified\":\"2026-02-26T21:06:03+00:00\",\"description\":\"Marco de madera HOME Perfil de bloque ancho Home con una superficie aserrada rugosa en varios formatos y colores con una estera de corte en bisel : Estera de corte en bisel , blanco Pared trasera: Tablero duro, hasta 18x24 cm con suspensi\\u00f3n de pie: Clip giratorio de 20x30 dos dispositivos de suspensi\\u00f3n adicionales Cierre: clip giratorio Embalaje: film retr\\u00e1ctil, de esquinas protectoras de cart\\u00f3n de 20x30 cm con protecci\\u00f3n de borde adicional debajo\",\"breadcrumb\":{\"@id\":\"https:\/\/www.flashphoto.es\/?product=serie-home-ho#breadcrumb\"},\"inLanguage\":\"es\",\"potentialAction\":[{\"@type\":\"ReadAction\",\"target\":[\"https:\/\/www.flashphoto.es\/?product=serie-home-ho\"]}]},{\"@type\":\"BreadcrumbList\",\"@id\":\"https:\/\/www.flashphoto.es\/?product=serie-home-ho#breadcrumb\",\"itemListElement\":[{\"@type\":\"ListItem\",\"position\":1,\"item\":{\"@type\":\"WebPage\",\"@id\":\"https:\/\/www.flashphoto.es\/\",\"url\":\"https:\/\/www.flashphoto.es\/\",\"name\":\"Portada\"}},{\"@type\":\"ListItem\",\"position\":2,\"item\":{\"@type\":\"WebPage\",\"@id\":\"https:\/\/www.flashphoto.es\/?post_type=product\",\"url\":\"https:\/\/www.flashphoto.es\/?post_type=product\",\"name\":\"Productos\"}},{\"@type\":\"ListItem\",\"position\":3,\"item\":{\"@id\":\"https:\/\/www.flashphoto.es\/?product=serie-home-ho#webpage\"}}]}]}<\/script>\n<!-- \/ Yoast SEO plugin. -->","_links":{"self":[{"href":"https:\/\/www.flashphoto.es\/index.php?rest_route=\/wp\/v2\/product\/6799","targetHints":{"allow":["GET"]}}],"collection":[{"href":"https:\/\/www.flashphoto.es\/index.php?rest_route=\/wp\/v2\/product"}],"about":[{"href":"https:\/\/www.flashphoto.es\/index.php?rest_route=\/wp\/v2\/types\/product"}],"replies":[{"embeddable":true,"href":"https:\/\/www.flashphoto.es\/index.php?rest_route=%2Fwp%2Fv2%2Fcomments&post=6799"}],"wp:featuredmedia":[{"embeddable":true,"href":"https:\/\/www.flashphoto.es\/index.php?rest_route=\/wp\/v2\/media\/6808"}],"wp:attachment":[{"href":"https:\/\/www.flashphoto.es\/index.php?rest_route=%2Fwp%2Fv2%2Fmedia&parent=6799"}],"wp:term":[{"taxonomy":"product_cat","embeddable":true,"href":"https:\/\/www.flashphoto.es\/index.php?rest_route=%2Fwp%2Fv2%2Fproduct_cat&post=6799"},{"taxonomy":"product_tag","embeddable":true,"href":"https:\/\/www.flashphoto.es\/index.php?rest_route=%2Fwp%2Fv2%2Fproduct_tag&post=6799"}],"curies":[{"name":"wp","href":"https:\/\/api.w.org\/{rel}","templated":true}]}}